s digit of x(d)?
4
Let t = -95 - -87. What is the units digit of (t/2 - -3)*-13?
3
Let w = 123 + 39. Let o = w + 59. What is the units digit of o?
1
Suppose 240 = h + 4*b, -5*h = -b - 1812 + 528. Suppose 2*y + 333 = 5*t - 2*y, -4*t + h = 2*y. What is the units digit of t?
5
Suppose y + 2*i - 15595 = 334, -4*y + 2*i = -63756. What is the hundreds digit of y?
9
Let b(h) = -2*h**3 + 27*h**2 - 20*h - 118. What is the ten thousands digit of b(-15)?
1
Let i be 4 - ((-68)/(-12) - (-10)/(-6)). Suppose i = -15*a + 12373 - 283. What is the units digit of a?
6
What is the units digit of (3025/(-425) + (-4)/(-34))*-125?
5
Let c(q) = -671*q - 47. Let r be c(-4). Suppose 24*x - 15*x = r. What is the units digit of x?
3
Let p = 10979 - 5231. What is the thousands digit of p?
5
Suppose -331*h + 338*h + 12817 = 0. What is the hundreds digit of (-14)/42 - h/3?
6
Suppose -w + 27 = -3*i - 0*i, -3*i = -4*w + 72. Suppose -17*u - w*u = -29664. What is the units digit of u?
7
What is the tens digit of (-7 + 9 - 4)*27860/(-14)?
8
Suppose -u = 5*q - 1480, 30*q + 2936 = 2*u + 28*q. Suppose -u = -2*c - 116. What is the units digit of c?
7
Let g = -18 + 18. Suppose 3*q + 463 = 5*v - 1613, g = -5*v - q + 2088. What is the hundreds digit of v?
4
What is the hundreds digit of (9/7 - 1) + (1605324/49 - 5)?
7
Let c = 4870 - 2603. Let f = -930 + c. What is the hundreds digit of f?
3
Suppose -9*j + 13*j - 52 = 0. Let n(a) = -23 + 30 - 5*a - j*a + 5*a + 3*a**2. What is the units digit of n(6)?
7
Let c(i) = -70*i - 512. What is the units digit of c(-54)?
8
Suppose -22*n + 1245 = -24*n + 3*a, 5*n + 2*a = -3160. Let p = n - -2114. What is the tens digit of p?
8
Let v(j) be the third derivative of 13*j**4/12 + 23*j**3/6 + 228*j**2. Let f(a) = 2*a - 4. Let m be f(5). What is the units digit of v(m)?
9
Let m = -742 - -748. Suppose -4*k + 1210 = -4*l + m*l, l - 609 = -3*k. What is the tens digit of l?
9
Suppose -8*q - 3421 - 3603 = 0. Let d = q + 1509. What is the units digit of d?
1
Suppose -4*k - l + 37543 + 25322 = 0, -31450 = -2*k + 2*l. What is the hundreds digit of k?
7
Suppose c + 17 = -3*p, -3*p = -2*c - 0 + 11. Let a be 4/(-8)*(-2*19 + c). Suppose f - 166 = -b - 65, -4*f = -a. What is the units digit of b?
6
Let t = -1235 + 1239. Suppose 5*p - 3 = 7. Suppose t*k - 978 = 2*c, p*c = -0*c - 6. What is the tens digit of k?
4
Suppose -26599 = -5*l + 4*w + 15421, -11*l = 4*w - 92444. What is the units digit of l?
4
Let f(r) = 8*r + 37. Let x be f(7). Let i = x + -255. What is the tens digit of i/(-6) + 4*1?
3
Let y(m) = 367*m - 2048. What is the units digit of y(76)?
4
Suppose -3*v - 2004 = 3*f, -2*f - 1422 + 74 = -2*v. Let b = f - -1182. What is the tens digit of b?
1
Let u be 2/(-16) + 0 - (-26403)/24. Let a = u + -522. What is the tens digit of a?
7
Let h = -23692 - -24419. What is the tens digit of h?
2
Suppose 0 = b + 3*b, 3*a = 5*b + 759. Suppose 249*c - a*c = -16. Suppose -h - 3 = 0, -c*x + h + 37 = -566. What is the units digit of x?
0
Let u(x) = -1419*x - 1970. What is the thousands digit of u(-21)?
7
What is the thousands digit of (0 - 24) + 31202171/427?
3
Suppose -11304 = 26*z - 95835 - 396703. What is the thousands digit of z?
8
Suppose 32*d + 12254 = 35*d - 5*b, 0 = -3*d - b + 12212. What is the hundreds digit of d?
0
Suppose 2*v = -7*r + 4*r + 16934, 2*r - 2*v = 11286. What is the thousands digit of r?
5
Suppose -2*p - 49 = -253. Suppose -h + l = -p, 4*l = -h + 4*h - 309. What is the tens digit of h?
9
Suppose -3*c - 9 - 1 = 4*i, -22 = -5*c + 3*i. Let s = 6967 - 6904. Suppose 5*j + 288 = 3*v - s, -c*j + 218 = 2*v. What is the units digit of v?
2
Let b = 11534 - 4942. What is the thousands digit of b?
6
Let s(w) = -139*w - 1250. What is the units digit of s(-23)?
7
Let b(k) = -k**3 - 2*k**2 + 2*k + 4. Let h be b(-2). Suppose h = -4*m - 4*y, -3*m + 25 = m - y. Suppose -50 - 115 = -m*g. What is the tens digit of g?
3
Suppose 9*z + 15*z - 709523 + 21827 = 0. What is the units digit of z?
4
Let n be (2/(-3))/((-2)/63). Suppose -3*b + n = 21. Suppose l = a - 29, -2*l - 3*l = b. What is the tens digit of a?
2
Let c = -33826 - -57926. What is the units digit of c?
0
Let a be 93/155 - (-46)/(-10). Let r be 17 - 21 - 2/(a/1086). Suppose -5*d = -r - 326. What is the units digit of d?
3
Suppose 0 = 79*g + 173*g + 1052628 - 2805540. What is the units digit of g?
6
Let p(b) = -b**2 + 5*b + 9. Let c be p(6). Let x be (c + 0)*(-3 - -4). Suppose x*y - 348 = -3*v, 2*v - 315 + 82 = -3*y. What is the hundreds digit of v?
1
Let d(k) = -k**2 + 43*k - 161. Let o = -53 - -71. What is the units digit of d(o)?
9
What is the units digit of 174/(-783) - (-155020)/18?
2
Let i(p) = -p - 11. Let z be i(-12). What is the units digit of (82 - -13) + 0/z?
5
Suppose -5*k + n + 4171 = 0, -n - 1673 = -2*k + 4*n. Let b = k - 500. What is the units digit of b?
4
Suppose -2*c + 10 = 4*f, 11*f - 6*f - 2 = c. Suppose g + 3*n = -c + 58, 3*g - 4*n = 217. What is the tens digit of g?
6
Suppose 17*k - 31746 = -9085. Suppose 0 = 798*j - 797*j - k. What is the tens digit of j?
3
Suppose -282804 = -18606*q + 18594*q. What is the ten thousands digit of q?
2
Let c be (-35)/7 + 8 + (-49)/(-1). Let f = c - -64. What is the tens digit of f?
1
Suppose 888792 = 649*c - 620*c. What is the ten thousands digit of c?
3
Let i(j) = 39*j + 7. Suppose -12*l - 63 = -183. What is the units digit of i(l)?
7
Suppose 453804 = -26*s + 1453998. What is the hundreds digit of s?
4
Let m = -573 + 501. What is the tens digit of ((-936)/6)/(16/m)?
0
What is the tens digit of ((-7)/((-49)/(-12)))/((-21)/((-1428105)/(-10)))?
5
Let r(i) = -13*i - 76. Let m be r(-7). Suppose 0 = -s - 11*h + m*h + 254, h = -5*s + 1312. What is the units digit of s?
2
Suppose -2*x = 5*x - 28. Let z be (9 - 2)*70*x. Suppose z = 16*b - 8*b. What is the hundreds digit of b?
2
Suppose 3*s + 0*s - 87 = 0. Suppose -2*m - 77 = -2*g + 93, g = -5*m + 115. Let q = g - s. What is the tens digit of q?
6
Suppose 4*d - 3*d + 2 = 5*f, -3*d - 6 = 0. Suppose -5*p - 540 = -4*i, f = 2*p - 2 - 6. What is the units digit of i?
0
Suppose -14*a - 13*a + 12230 = -22*a. What is the hundreds digit of a?
4
Suppose -14135 = -3*l - 4*b + 11681, 2*b = -4. What is the hundreds digit of l?
6
Suppose -4*d + 8888 = 3*m, 7*d = -2*m + 10*d + 5931. Suppose 23*q - 17891 + m = 0. What is the tens digit of q?
4
Suppose 2*u - d = 22, -d - 55 = -3*u - 22. Suppose 0 = u*g - 6*g - 10. Suppose -g*w + 5*w - 69 = 0. What is the tens digit of w?
2
Let m = -7091 + 12236. What is the thousands digit of m?
5
Let g = 1047 + -891. What is the units digit of g?
6
Suppose 368907 = -29*z + 106*z. What is the units digit of z?
1
Suppose -2*r = 4*b - 80, -6*r + 9*r = -b + 135. What is the units digit of -1*r*144/(-16) + -2?
2
Let i = 21487 - 1776. What is the units digit of i?
1
Let y = 2536 + 2456. What is the hundreds digit of y?
9
Let h be (9060/25)/(6/20)*1. What is the units digit of h/9 - 42/189?
4
What is the hundreds digit of 58/(-1595)*15 + (-72804)/(-11)?
6
Suppose -3*y - y + 12 = 0, -3*f + 3*y = -168. Suppose -j - 4*j + 20 = 0. Suppose j*g - 21 = f. What is the tens digit of g?
2
Let p(y) = -2*y**3 + 15*y**2 + 9*y + 2. Let a be p(8). Let d be (-24)/a - 4/(-10). What is the tens digit of 944/20*(-5)/d?
1
What is the thousands digit of (0 - -2399) + ((-1)/(-1))/((-14)/(-42))?
2
Suppose 6*z - 22100 = -44*z. Let q be ((-2066)/(-3))/(1/3). Suppose 7*i = q - z. What is the units digit of i?
2
Suppose -252*a = -295*a + 138976. What is the hundreds digit of a?
2
Let w(u) = u**2 + 10*u - 23. Let n be w(-10). Let c = n + 28. Suppose -c*x = -115 - 130. What is the tens digit of x?
4
Let p = 537 + -534. Let j = -155 - -361. Suppose -3*v + 659 = 5*a, p*v = -2*a + j + 54. What is the hundreds digit of a?
1
Let m(t) = -2*t - 23. Let i be m(-12). Let r(v) = -v**2 + v. Let x(w) = 65*w**2 + 3*w - 2. Let z(h) = i*x(h) - 5*r(h). What is the tens digit of z(-1)?
7
Let n(h) be the second derivative of h**4/12 + h**3/6 + 65*h**2 + 36*h. Let m(l) = -6*l + 24. Let v be m(4). What is the tens digit of n(v)?
3
Suppose -2*u + 6 + 2 = 0, -s - 6 = -2*u. Suppose 0 = -8*n + 9*n - s. What is the units digit of ((-4)/(-16)*38)/(n/20)?
5
Suppose 60490 = 5*q + 2*p, q - 2*p = 3558 + 8552. What is the thousands digit of q?
2
Let z(h) = h**2 + 4